u = 139 - 69. Suppose m = -5*p + 2*p + 19, 12 = -4*p. What is the greatest common divisor of u and m?
14
Let q(w) = 5*w**2 + w. Let c be q(-1). What is the highest common divisor of 36 and c?
4
Let q(c) = -c**3 + 4*c**2 + 2*c + 21. Let y be q(5). Calculate the greatest common divisor of y and 30.
6
Let l be (-8 - -9)*(17 + 0). Let s = 9 + l. Let p = -77 + 142. Calculate the highest common factor of p and s.
13
Let i(w) = -24*w - 35. Let g be i(-7). What is the greatest common divisor of 19 and g?
19
Let m = -16 + 20. Calculate the highest common factor of 32 and m.
4
Let m = -102 - -122. Calculate the greatest common factor of 5 and m.
5
Suppose 2*o + 2*c - c + 3 = 0, 3 = -c. Suppose 5*w - w - 48 = o. Suppose 2*b = -b + w. Calculate the greatest common divisor of 12 and b.
4
Let g = -56 + 110. Suppose a - g = 2*p, 3*a = -2*p - p + 162. Suppose -2*j = -4*c + 24, 2*c - 5*j = -1 + 13. What is the highest common divisor of c and a?
6
Let p = -16 - -11. Let l = 1 - p. Calculate the highest common divisor of 6 and l.
6
Suppose 26 + 64 = 6*g. Calculate the highest common divisor of 6 and g.
3
Suppose s = -6 + 9. Let b(n) be the third derivative of 17*n**4/24 - n**3/2 + 2*n**2. Let o be b(s). Calculate the highest common divisor of 32 and o.
16
Suppose -16 = -4*q, -145 = -5*o - 3*q + 192. What is the greatest common divisor of 455 and o?
65
Suppose 239 + 31 = 2*x. Let l(u) = -u**3 - 5*u**2 + 5*u + 9. Let o be l(-6). What is the greatest common factor of x and o?
15
Let q = 97 - -57. Let y be (2 + 13/2)*-4. Let l = 48 + y. What is the highest common divisor of q and l?
14
Suppose 4*l - 3*r - 25 - 33 = 0, r - 34 = -2*l. Let p = l - -10. Calculate the greatest common divisor of p and 65.
13
Suppose 6*y + 75 = 7*y. What is the highest common factor of y and 15?
15
Let r = 2 + -1. Suppose -3*g - 4*p = r, 0*p - p = -2*g + 14. Suppose -g*d - 60 = -3*o - 0*d, -2*d + 9 = o. What is the highest common divisor of 15 and o?
15
Suppose 5*y - 4*f + 20 = f, 14 = -3*y + 4*f. Suppose 5*q - 5*c = 20, -3*q + 4*c + 15 = 2*q. Let o = q - y. Calculate the greatest common divisor of o and 2.
1
Suppose 5*w + 165 = 2*x + 3*x, 4*x = 5*w + 135. Let l = -22 + x. Calculate the greatest common divisor of l and 56.
8
Let r(h) = -h**3 - 8*h**2 - 7*h - 5. Suppose -28 = 5*a + 7. Let t be r(a). Let n = -4 - t. Calculate the greatest common divisor of 1 and n.
1
Suppose 0*y = -3*v + 4*y + 28, v - 5*y - 24 = 0. Let m(l) = -4 - 5 + v*l + 4*l + 1. Let h be m(6). Calculate the greatest common factor of h and 8.
8
Let x be (1 + -5)/(1 - 5). What is the greatest common divisor of x and 5?
1
Let x be (-3)/1 - (-2 - 81). Calculate the highest common factor of x and 10.
10
Let b = 82 - 25. What is the highest common divisor of 38 and b?
19
Let i(j) = j**2 + 2*j - 3. Let p be i(-3). Let x be 2 - (p + 2/(-1)). Calculate the highest common divisor of x and 36.
4
Suppose 2*y - 58 = -16. Suppose -2*d + y = d. What is the greatest common divisor of d and 7?
7
Let s be 4 - (6 - 0) - -3. What is the highest common factor of 3 and s?
1
Suppose 0 = -9*a + 337 + 968. Let y = 133 + -75. What is the greatest common divisor of a and y?
29
Suppose -2*b + 68 = -4*j, 0 = 5*b - 5*j - 109 - 86. What is the highest common factor of b and 4?
4
Suppose 0 = -2*x + 4*g, 5*x + 0*g - 39 = -3*g. Let b = 1 - -8. Calculate the greatest common divisor of x and b.
3
Let d be (448/(-3))/4*-3. Suppose 2*q - 27 = w, 0*q = 3*q + 2*w - 44. What is the highest common factor of d and q?
14
Suppose -3*w + 8 = -2*s, w = -5*s + 6*s + 2. Suppose x = -s*x + 99. Calculate the greatest common factor of x and 11.
11
Let c be (-4)/18 - 420/54. Let l be (-60)/c*(2 - 0). Let p = 2 - -1. Calculate the greatest common divisor of l and p.
3
Let q = -35 - -50. Let o be 10/(-4)*(-36)/q. Calculate the greatest common divisor of o and 24.
6
Let z = -10 - -11. Let k be (-17)/(4/(-44)*z). What is the greatest common divisor of k and 17?
17
Suppose 0 = 5*s - 65 - 205. Let n be (3/2 - -1)*s. Calculate the highest common divisor of n and 15.
15
Let s be 48/(-4)*(0/(-1) + -2). What is the greatest common factor of 120 and s?
24
Suppose 6*r - 3*r - 36 = 0. Suppose r = n - 7. Calculate the greatest common factor of n and 171.
19
Let u be (12 - 3) + (-1 - 2). Suppose -u = -i + 4. What is the greatest common divisor of i and 5?
5
Let c be (4/2)/2 + -1. Suppose i - 7 = -3*k, 0 = -3*k - 4*i - c + 1. Suppose k*g = 8*g - 150. Calculate the greatest common factor of 10 and g.
10
Suppose 0 - 5 = -a, 0 = o + 2*a - 20. Suppose -o - 10 = -5*x. Suppose 0 = 5*h - 97 - 3. What is the greatest common factor of x and h?
4
Suppose k - 2*k - 465 = -4*o, -o + 105 = -4*k. What is the greatest common divisor of o and 13?
13
Let i = 19 + -8. Calculate the greatest common factor of 66 and i.
11
Suppose 0 = -3*z + 5*s + 98, 4*z - 4*s = s + 134. Let x be ((-18)/4)/(1/(-20)). What is the highest common factor of x and z?
18
Let v be (-12 + -3)*-2*1. Calculate the highest common divisor of 30 and v.
30
Suppose -4*w = 3*q - 31, -20 = -2*q - 0*q - 2*w. Calculate the greatest common divisor of 3 and q.
3
Let f = 16 - 13. Suppose -6 = -k - f. Suppose 0 = 4*s - s - 99. What is the greatest common factor of s and k?
3
Let j(l) = -l**2 - 8*l - 3. Let d be -2 + 6/(3/(-1)). Let x be j(d). What is the highest common divisor of 13 and x?
13
Let y = 182 + -62. Suppose 3*g + 18 = s - 0*s, 2*s - 25 = -5*g. What is the greatest common divisor of s and y?
15
Let i be (-46)/(-14) + (-2)/7. Let m be (-3 + 2)*(-76)/4. Suppose -2 = -i*s + m. Calculate the highest common factor of 1 and s.
1
Let u be (-12)/10*(-205)/2. Suppose -3*x = 4*d - u, 0 = 3*d - 0*x + 3*x - 93. Calculate the highest common factor of 45 and d.
15
Let o be 1 - (-220)/15 - 3/(-9). Calculate the greatest common factor of o and 2.
2
Suppose -2*t = 3 - 11. Let f = 34 - 21. Let r = f + -5. What is the highest common factor of r and t?
4
Suppose 3*n + 5*s - 320 = 0, s + 188 = 2*n - 2*s. Calculate the greatest common divisor of 40 and n.
20
Let n = 6 - 0. Calculate the highest common factor of 24 and n.
6
Suppose -5*r = -3*l - 295, -3*l - 2*l = 25. Calculate the greatest common factor of 7 and r.
7
Suppose z + 16 = 3*z. Suppose -t = -5*o - 63, 3*t - 4*o = -2*o + 254. What is the greatest common factor of z and t?
8
Let x(q) = 1 - 1 + 1 + 3*q. Let j be x(1). Suppose 2*t + 0*t - 34 = -4*o, o + 2*t = 16. Calculate the highest common factor of j and o.
2
Let c = -9 - -11. Let x(g) = -5*g - 1. Let z be x(-1). What is the greatest common factor of z and c?
2
Let g = 9 - -4. Let z(s) = 4*s**2 + s + 5. Let u be z(-4). Calculate the highest common divisor of u and g.
13
Let y be 2/(2/17*1). Let c(m) = m**3 - 7*m**2 + 8*m + 12. Let d be c(7). What is the highest common divisor of d and y?
17
Let z be (3/(-5))/(2/(-390)). What is the highest common divisor of 13 and z?
13
Suppose 18 = s + 2*g, 0*s + 5*g = -s + 33. Suppose s = -3*n + 47. Calculate the highest common divisor of 143 and n.
13
Suppose v - 5*o = 15, 2*o = -5*v + o + 23. Suppose -5*q - 6 = -2*q. Let h be 44 - (2 + (-5 - q)). Calculate the greatest common divisor of v and h.
5
Let m = -32 + 68. Let d be (m/5)/((-14)/455). Let y be d/(-15) + (-4)/(-10). Calculate the greatest common divisor of y and 16.
16
Suppose -2*z - 2*z + 19 = -a, 4*z - 16 = 4*a. Suppose 104 = z*i - 26. Calculate the greatest common factor of i and 234.
26
Let z(x) = -111*x**3 + x**2 - 1. Let s be z(-1). Let w be s - (2 + (-3)/3). What is the greatest common divisor of w and 10?
10
Let w = -14 + 20. Calculate the highest common divisor of w and 24.
6
Let h be 2/((-8)/(-6)) - 852/(-8). What is the greatest common divisor of h and 12?
12
Let n be 4/(-10) + (-4)/(-10). Let i(a) = a + 8. Let m be i(n). Let z be ((-1)/3)/(2/(-6)). Calculate the highest common factor of m and z.
1
Let l be -105*((-2)/(-6) + 29/(-15)). What is the greatest common divisor of l and 24?
24
Let p(m) = 2*m + 9*m**2 - m**3 - 2*m - 4 - 5*m. Suppose -7*j = -9*j + 16. Let b be p(j). What is the greatest common divisor of b and 20?
20
Let f = 209 - 145. Calculate the greatest common factor of 96 and f.
32
Suppose -m = 4*m. Suppose -3*p + 3 + 3 = m. Suppose 4*t + 4*z - 40 = 0, 2*z = p*t + 2*t - 40. Calculate the greatest common factor of t and 80.
10